{"id":16,"date":"2011-03-10T12:16:52","date_gmt":"2011-03-10T11:16:52","guid":{"rendered":"http:\/\/toepferei-lattner.ch\/wordpress\/?page_id=16"},"modified":"2024-11-13T10:09:00","modified_gmt":"2024-11-13T09:09:00","slug":"uber-mich","status":"publish","type":"page","link":"https:\/\/toepferei-lattner.ch\/wordpress\/?page_id=16","title":{"rendered":"\u00fcber mich &#8211; Impressum"},"content":{"rendered":"\n<p><strong>Esther Lattner<\/strong><br>1967 geboren und in Basel aufgewachsen. Lehre als T\u00f6pferin bei Alfred Deola in Basel.<br>Mehrere Jahre selbst\u00e4ndige Arbeit mit Stein und Holz, regelm\u00e4ssige Ausstellungen und Teilnahme an Symposien.<\/p>\n\n\n\n<p>Seit 2004 R\u00fcckkehr zur Keramik und Entwicklung des &#8222;tierischen Geschirrs&#8220;.<br>Regelm\u00e4ssige Teilnahme an Herbstmesse in Basel.<br>Weiterentwicklung des Bereiches Fasnachtsfiguren und der Gebrauchskeramik mit Fasnachtsdekorationen.<\/p>\n\n\n\n<p>Mit meinem Geschirr und den Figuren m\u00f6chte ich begeistern, bezaubern und zum L\u00e4cheln inspirieren.<\/p>\n\n\n\n<p>Trotz oder vielleicht gerade wegen Digitalisierung und Massenfertigung, besteht bei vielen Menschen zunehmend das Bed\u00fcrfnis nach Pers\u00f6nlichem, Analogen, Einmaligem. In dieser Nische finde ich die M\u00f6glichkeit, mit meinen F\u00e4higkeiten, mit Herz, mit viel Humor und Liebe etwas zu schaffen, das\u00a0 Wert hat.<\/p>\n\n\n\n<p>&#8212;&#8212;&#8212;&#8212;&#8212;&#8212;&#8212;&#8212;&#8212;&#8212;&#8212;&#8212;&#8212;&#8212;&#8212;&#8212;&#8212;&#8212;&#8212;&#8212;&#8212;&#8212;&#8212;&#8212;&#8212;&#8212;&#8212;&#8212;&#8212;&#8212;&#8212;&#8212;&#8212;&#8212;&#8212;&#8212;&#8212;&#8212;<\/p>\n\n\n\n<p>Impressum:<\/p>\n\n\n\n<p>Verantwortlich f\u00fcr diese Webseite:<br>Esther Lattner<br>G\u00fcterstr. 158<br>4053 Basel<br>061 361 80 38<\/p>\n\n\n\n<p><\/p>\n","protected":false},"excerpt":{"rendered":"<p>Esther Lattner1967 geboren und in Basel aufgewachsen. Lehre als T\u00f6pferin bei Alfred Deola in Basel.Mehrere Jahre selbst\u00e4ndige Arbeit mit Stein und Holz, regelm\u00e4ssige Ausstellungen und Teilnahme an Symposien. Seit 2004 R\u00fcckkehr zur Keramik und Entwicklung des &#8222;tierischen Geschirrs&#8220;.Regelm\u00e4ssige Teilnahme an Herbstmesse in Basel.Weiterentwicklung des Bereiches Fasnachtsfiguren und der Gebrauchskeramik mit Fasnachtsdekorationen. Mit meinem Geschirr und &hellip; <a href=\"https:\/\/toepferei-lattner.ch\/wordpress\/?page_id=16\" class=\"more-link\"><span class=\"screen-reader-text\">\u00fcber mich &#8211; Impressum<\/span> weiterlesen<\/a><\/p>\n","protected":false},"author":1,"featured_media":0,"parent":0,"menu_order":7,"comment_status":"closed","ping_status":"closed","template":"","meta":{"footnotes":""},"class_list":["post-16","page","type-page","status-publish","hentry"],"_links":{"self":[{"href":"https:\/\/toepferei-lattner.ch\/wordpress\/index.php?rest_route=\/wp\/v2\/pages\/16","targetHints":{"allow":["GET"]}}],"collection":[{"href":"https:\/\/toepferei-lattner.ch\/wordpress\/index.php?rest_route=\/wp\/v2\/pages"}],"about":[{"href":"https:\/\/toepferei-lattner.ch\/wordpress\/index.php?rest_route=\/wp\/v2\/types\/page"}],"author":[{"embeddable":true,"href":"https:\/\/toepferei-lattner.ch\/wordpress\/index.php?rest_route=\/wp\/v2\/users\/1"}],"replies":[{"embeddable":true,"href":"https:\/\/toepferei-lattner.ch\/wordpress\/index.php?rest_route=%2Fwp%2Fv2%2Fcomments&post=16"}],"version-history":[{"count":22,"href":"https:\/\/toepferei-lattner.ch\/wordpress\/index.php?rest_route=\/wp\/v2\/pages\/16\/revisions"}],"predecessor-version":[{"id":1734,"href":"https:\/\/toepferei-lattner.ch\/wordpress\/index.php?rest_route=\/wp\/v2\/pages\/16\/revisions\/1734"}],"wp:attachment":[{"href":"https:\/\/toepferei-lattner.ch\/wordpress\/index.php?rest_route=%2Fwp%2Fv2%2Fmedia&parent=16"}],"curies":[{"name":"wp","href":"https:\/\/api.w.org\/{rel}","templated":true}]}}